n base 14, what is c1 + -389?
-2a8
In base 4, what is -3 + -23123230?
-23123233
In base 8, what is 7341 - 231?
7110
In base 10, what is -2299 - 729?
-3028
In base 9, what is 5 + -24273?
-24267
In base 4, what is 2 + 332020?
332022
In base 10, what is -6 - 201874?
-201880
In base 14, what is 55c105 + -4?
55c101
In base 4, what is 10 - -13010323?
13010333
In base 6, what is -121 + 41010?
40445
In base 10, what is 2 + 39213?
39215
In base 13, what is 1b - 16865?
-16847
In base 14, what is 1 - -77197?
77198
In base 10, what is 40660 + 18?
40678
In base 13, what is -12 + 10782?
10770
In base 9, what is 1 - -3233?
3234
In base 7, what is 5004 + -265?
4406
In base 6, what is -51354 + -20?
-51414
In base 2, what is -1010101001 + 10010101001?
1000000000
In base 11, what is -45 + -533?
-578
In base 15, what is e - 2ce1?
-2cd2
In base 12, what is -6 + -6839?
-6843
In base 13, what is 3 - -5ba02?
5ba05
In base 3, what is -1022010 + 12212?
-1002021
In base 3, what is 1000211 - 1102?
222102
In base 16, what is -12e - 19a?
-2c8
In base 4, what is 2 - -1031301003?
1031301011
In base 8, what is -410257 + 3?
-410254
In base 5, what is 2141 - -431?
3122
In base 2, what is -10111 + 11000001?
10101010
In base 15, what is -101 - -38c?
28b
In base 16, what is 316 + 48?
35e
In base 11, what is 0 - 46026?
-46026
In base 12, what is 0 - -23b84?
23b84
In base 6, what is 10401155 - -4?
10401203
In base 8, what is 14 + 170523?
170537
In base 2, what is 101 + 1011110111011?
1011111000000
In base 8, what is 3 + -1253136?
-1253133
In base 12, what is 4 + -4086?
-4082
In base 13, what is -9 - 155a?
-1566
In base 16, what is a6d10 + -6?
a6d0a
In base 11, what is -1 + 34a68?
34a67
In base 3, what is 11 + -10001221120?
-10001221102
In base 15, what is -4 - 49c3?
-49c7
In base 9, what is 207 - -5216?
5424
In base 7, what is 4 + -23263?
-23256
In base 12, what is -1155 + -15?
-116a
In base 3, what is 1100010100 - 101?
1100002222
In base 5, what is 10202402 + -2?
10202400
In base 9, what is 12 - 3778?
-3766
In base 4, what is 3113 + -1031?
2022
In base 7, what is -50 - 333?
-413
In base 8, what is 675 + 4001?
4676
In base 2, what is 11000 + -110101101010001101?
-110101101001110101
In base 2, what is -1 - -1000001010011?
1000001010010
In base 7, what is 11 + -1154150?
-1154136
In base 12, what is 2a - -973?
9a1
In base 10, what is 4641 + 24?
4665
In base 12, what is 300552 + -1?
300551
In base 9, what is -840 - -145?
-684
In base 3, what is 2222102112 - -120?
2222110002
In base 13, what is -5117 - 13?
-512a
In base 13, what is -2512 - -8?
-2507
In base 15, what is 2 - -10e0?
10e2
In base 8, what is -21360 - -5?
-21353
In base 4, what is -13 + -2012120?
-2012133
In base 6, what is 401341 - -21?
401402
In base 13, what is -2362 + 19?
-2346
In base 13, what is 58 - -1559?
15b4
In base 11, what is -14 - 79aa?
-7a13
In base 9, what is 11 + -26238?
-26227
In base 3, what is -12 - 1022112121?
-1022112210
In base 13, what is 3 - -10b680?
10b683
In base 16, what is 6917b - 5?
69176
In base 6, what is -112215133 - 1?
-112215134
In base 13, what is -4 - -20032?
2002b
In base 10, what is -7 + -2965?
-2972
In base 2, what is -10010001000000 + 10010110?
-10001110101010
In base 6, what is -4 - 15035430?
-15035434
In base 7, what is -1 + -400120?
-400121
In base 3, what is -2222112001000 - -11?
-2222112000212
In base 12, what is -35ab21 + 3?
-35ab1a
In base 9, what is -1056466 + 10?
-1056456
In base 13, what is 2 + -94960?
-9495b
In base 13, what is -4 + b1938?
b1934
In base 5, what is -101203441 - -2?
-101203434
In base 5, what is -242 - -14413?
14121
In base 13, what is -53991 + 0?
-53991
In base 3, what is 2020200002010 - -12?
2020200002022
In base 14, what is -18325 + -4?
-18329
In base 11, what is -475 + 534?
6a
In base 8, what is -3622 - -1002?
-2620
In base 9, what is 0 + -15451?
-15451
In base 9, what is -8 - -17655?
17646
In base 13, what is 5 + 2c1?
2c6
In base 13, what is c9 - 37?
92
In base 14, what is -15 + 54a4?
548d
In base 13, what is -c07 + -219?
-1123
In base 14, what is 1a - 5c13?
-5bd7
In base 15, what is 28d + 34ed?
378b
In base 4, what is -21000 - -211?
-20123
In base 16, what is -330ff - 0?
-330ff
In base 15, what is 3c9 - -1a5?
57e
In base 2, what is -11001011101011001 - 110?
-11001011101011111
In base 12, what is -2b78 + -9?
-2b85
In base 8, what is 6621355 - 1?
6621354
In base 13, what is 1389 + 0?
1389
In base 7, what is -253 - 600?
-1153
In base 7, what is 25665 - 46?
25616
In base 7, what is 353 - 1036?
-353
In base 2, what is 10010101 + 11101100100?
11111111001
In base 5, what is 231443 - 41?
231402
In base 3, what is 1 - -111120221?
111120222
In base 12, what is 1b2 + -1496?
-12a4
In base 11, what is -3212 - 5?
-3217
In base 11, what is -11101a4 + 5?
-111019a
In base 13, what is -27 + 2ba?
293
In base 5, what is 11 - -1014110?
1014121
In base 8, what is -31755 - 21?
-31776
In base 5, what is 13431423 - 3?
13431420
In base 4, what is -232212002 - -3?
-232211333
In base 10, what is -1064 - -22?
-1042
In base 3, what is -202100 + 211?
-201112
In base 6, what is 303 - 105?
154
In base 13, what is 4 - -4b97?
4b9b
In base 12, what is 91a + -48?
892
In base 15, what is 3ec2 + -ec?
3dc5
In base 8, what is 541102 + 0?
541102
In base 3, what is -20122021 - -10102?
-20111212
In base 6, what is 1352 - -435?
2231
In base 2, what is 1 - -11111111101011111111?
11111111101100000000
In base 9, what is -80 + 466?
376
In base 7, what is -162 - 5531?
-6023
In base 6, what is 352350 + 23?
352413
In base 8, what is 23653112 - 0?
23653112
In base 13, what is 6 + 129?
132
In base 13, what is -41cb - -4?
-41c7
In base 7, what is -44163245 + -5?
-44163253
In base 8, what is -31061 - 0?
-31061
In base 11, what is -4663 - 93?
-4746
In base 2, what is -11001 + 10010111000111101?
10010111000100100
In base 8, what is 3 + 47647?
47652
In base 12, what is -194 - -170?
-24
In base 9, what is -77 - -134866?
134778
In base 11, what is -283 + 257?
-27
In base 8, what is 4 + -21672?
-21666
In base 5, what is 1023 - -3420?
4443
In base 13, what is 13 - 2092?
-207c
In base 2, what is -1001100 - -10100?
-111000
In base 8, what is 15 + 14144?
14161
In base 6, what is 2 - -10312545?
10312551
In base 2, what is -110001101 - -101010000001?
100011110100
In base 8, what is -1240 + -171?
-1431
In base 7, what is -4 + 136161?
136154
In base 15, what is 206 + -1c85?
-1a7e
In base 3, what is 102010012200 + 11?
102010012211
In base 14, what is -2 + -18d8?
-18da
In base 5, what is -3110 - -1141010?
1132400
In base 8, what is -16707 + 52?
-16635
In base 2, what is -1001011010010100 - -10?
-1001011010010010
In base 10, what is 3 - 452?
-449
In base 12, what is -30 - 1a69b?
-1a70b
In base 10, what is 5 + 60668?
60673
In base 6, what is -523514 - 1?
-523515
In base 3, what is -22110022022 + -10?
-22110022102
In base 8, what is 6 + -14?
-6
In base 15, what is 27 - -25e3a?
25e62
In base 16, what is e + -3b156?
-3b148
In base 12, what is 4 - -b655?
b659
In base 11, what is -15a26 - -3?
-15a23
In base 8, what is 361241 - -1?
361242
In base 10, what is 22 - 128862?
-128840
In base 5, what is -33343 + -2311?
-41204
In base 8, what is -245 - 30?
-275
In base 11, what is 520236 - -5?
520240
In base 4, what is 1 - -20032332?
20032333
In base 5, what is 102103040 + -2?
102103033
In base 2, what is -1000000110111 - 101?
-1000000111100
In base 15, what is 3 + -b08?
-b05
In base 3, what is -12 + 12222101?
12222012
In base 10, what is -2 + 138949?
138947
In base 6, what is -31402 + 11?
-31351
In base 14, what is c7 - -456?
53d
In base 9, what is -574 + -10?
-584
In base 14, what is 2284217 - 4?
2284213
In base 5, what is -1 + 11220334?
11220333
In base 6, what is -42 + 4050?
4004
In base 3, what is -101012220121 + -11?
-101012220202
In base 4, what is 221220313 - 3?
221220310
In base 15, what is -4e89 + -c5?
-505e
In base 5, what is 2000 + 43104?
100104
In base 9, what is 7 - -201265?
201273
In base 6, what is 21 - -10102245?
10102310
In base 12, what is 388 - 102b?
-863
In base 8, what is 1 + 175726?
175727
In base 12, what is 17216 + 22?
17238
In base 6, what is -401545 + -15?
-402004
In base 16, what is -94a80 + 0?
-94a80
In base 6, what is 22 - -132215?
132241
In base 13, what is c3cc + -5?
c3c7
In base 5, what is -114 + -102444